{"id":1330,"date":"2024-04-08T17:23:14","date_gmt":"2024-04-08T15:23:14","guid":{"rendered":"https:\/\/celiaibanez.fr\/?page_id=1330"},"modified":"2025-12-26T15:15:12","modified_gmt":"2025-12-26T14:15:12","slug":"reboot-sortie-officielle-mai-2024","status":"publish","type":"page","link":"https:\/\/celiaibanez.fr\/index.php\/reboot-sortie-officielle-mai-2024\/","title":{"rendered":"REBOOT"},"content":{"rendered":"\n<h2 class=\"wp-block-heading\">JE NE SUIS PAS COMME EUX. S&rsquo;ILS LE D\u00c9COUVRENT, ILS ME TUERONT ! <\/h2>\n\n\n\n<p class=\"has-medium-font-size\"><strong><mark style=\"background-color:rgba(0, 0, 0, 0);color:#f601b0\" class=\"has-inline-color\">R\u00e9sum\u00e9 du roman<\/mark><\/strong><\/p>\n\n\n\n<p>Je suis n\u00e9 homme dans un monde d&rsquo;hermaphrodites. J&rsquo;ai grandi dans un \u00e9tablissement sp\u00e9cialis\u00e9 dans la normalisation des impurs comme moi. Je vais devoir m&rsquo;adapter pour survivre&#8230; et d\u00e9couvrir les secrets les plus inimaginables !<\/p>\n\n\n\n<figure class=\"wp-block-video\"><video height=\"2160\" style=\"aspect-ratio: 3840 \/ 2160;\" width=\"3840\" controls src=\"https:\/\/celiaibanez.fr\/wp-content\/uploads\/2024\/04\/REBOOT9.mp4\"><\/video><\/figure>\n\n\n<div class=\"wp-block-image\">\n<figure class=\"aligncenter size-large is-resized\"><img loading=\"lazy\" decoding=\"async\" width=\"737\" height=\"1024\" src=\"https:\/\/celiaibanez.fr\/wp-content\/uploads\/2024\/04\/reboot-1-737x1024.jpg\" alt=\"\" class=\"wp-image-1344\" style=\"width:474px;height:auto\" srcset=\"https:\/\/celiaibanez.fr\/wp-content\/uploads\/2024\/04\/reboot-1-737x1024.jpg 737w, https:\/\/celiaibanez.fr\/wp-content\/uploads\/2024\/04\/reboot-1-216x300.jpg 216w, https:\/\/celiaibanez.fr\/wp-content\/uploads\/2024\/04\/reboot-1-768x1067.jpg 768w, https:\/\/celiaibanez.fr\/wp-content\/uploads\/2024\/04\/reboot-1-300x417.jpg 300w, https:\/\/celiaibanez.fr\/wp-content\/uploads\/2024\/04\/reboot-1.jpg 1072w\" sizes=\"auto, (max-width: 737px) 100vw, 737px\" \/><\/figure>\n<\/div>\n\n<div class=\"wp-block-image\">\n<figure class=\"aligncenter size-large is-resized\"><img loading=\"lazy\" decoding=\"async\" width=\"741\" height=\"1024\" src=\"https:\/\/celiaibanez.fr\/wp-content\/uploads\/2024\/04\/4eme-OK-741x1024.jpg\" alt=\"\" class=\"wp-image-1366\" style=\"width:476px\" srcset=\"https:\/\/celiaibanez.fr\/wp-content\/uploads\/2024\/04\/4eme-OK-741x1024.jpg 741w, https:\/\/celiaibanez.fr\/wp-content\/uploads\/2024\/04\/4eme-OK-217x300.jpg 217w, https:\/\/celiaibanez.fr\/wp-content\/uploads\/2024\/04\/4eme-OK-768x1061.jpg 768w, https:\/\/celiaibanez.fr\/wp-content\/uploads\/2024\/04\/4eme-OK-1112x1536.jpg 1112w, https:\/\/celiaibanez.fr\/wp-content\/uploads\/2024\/04\/4eme-OK-1483x2048.jpg 1483w, https:\/\/celiaibanez.fr\/wp-content\/uploads\/2024\/04\/4eme-OK-300x414.jpg 300w, https:\/\/celiaibanez.fr\/wp-content\/uploads\/2024\/04\/4eme-OK-scaled.jpg 1853w\" sizes=\"auto, (max-width: 741px) 100vw, 741px\" \/><\/figure>\n<\/div>\n\n\n<figure class=\"wp-block-image size-full\"><img loading=\"lazy\" decoding=\"async\" width=\"1084\" height=\"1133\" src=\"https:\/\/celiaibanez.fr\/wp-content\/uploads\/2024\/04\/REBOOT.gif\" alt=\"\" class=\"wp-image-1359\"\/><\/figure>\n\n\n\n<figure class=\"wp-block-video\"><video height=\"720\" style=\"aspect-ratio: 720 \/ 720;\" width=\"720\" controls src=\"https:\/\/celiaibanez.fr\/wp-content\/uploads\/2025\/11\/5D8G-m52.mp4\"><\/video><\/figure>\n\n\n\n<p class=\"has-text-align-center has-medium-font-size\"><strong>Contacter l&rsquo;autrice pour obtenir la version papier<\/strong><br><strong> (d\u00e9dicac\u00e9e): <a href=\"mailto:ibanezcelia@yahoo.fr\">ibanezcelia@yahoo.fr<\/a><\/strong> <strong>ou sur<\/strong> <a href=\"https:\/\/www.facebook.com\/celia.ibanez.336\">Messenger<\/a><\/p>\n\n\n\n<figure class=\"wp-block-embed is-type-video is-provider-youtube wp-block-embed-youtube wp-embed-aspect-4-3 wp-has-aspect-ratio\"><div class=\"wp-block-embed__wrapper\">\n<iframe loading=\"lazy\" title=\"Ils ne ressentent pas d&#039;empathie !\" width=\"474\" height=\"356\" src=\"https:\/\/www.youtube.com\/embed\/xojEm7EWFj4?feature=oembed\" frameborder=\"0\" allow=\"accelerometer; autoplay; clipboard-write; encrypted-media; gyroscope; picture-in-picture; web-share\" referrerpolicy=\"strict-origin-when-cross-origin\" allowfullscreen><\/iframe>\n<\/div><\/figure>\n\n\n\n<figure class=\"wp-block-embed is-type-video is-provider-youtube wp-block-embed-youtube wp-embed-aspect-4-3 wp-has-aspect-ratio\"><div class=\"wp-block-embed__wrapper\">\n<iframe loading=\"lazy\" title=\"\u00c7a craint pour les impurs !\" width=\"474\" height=\"356\" src=\"https:\/\/www.youtube.com\/embed\/-uEVqvzWlQk?feature=oembed\" frameborder=\"0\" allow=\"accelerometer; autoplay; clipboard-write; encrypted-media; gyroscope; picture-in-picture; web-share\" referrerpolicy=\"strict-origin-when-cross-origin\" allowfullscreen><\/iframe>\n<\/div><\/figure>\n\n\n\n<figure class=\"wp-block-video\"><video height=\"2880\" style=\"aspect-ratio: 2880 \/ 2880;\" width=\"2880\" controls src=\"https:\/\/celiaibanez.fr\/wp-content\/uploads\/2024\/05\/extrait-1-sans-l-image.mp4\"><\/video><\/figure>\n\n\n\n<figure class=\"wp-block-video\"><video height=\"2880\" style=\"aspect-ratio: 2880 \/ 2880;\" width=\"2880\" controls src=\"https:\/\/celiaibanez.fr\/wp-content\/uploads\/2024\/05\/extrait-2-sans-limage-dintro.mp4\"><\/video><\/figure>\n\n\n\n<figure class=\"wp-block-video\"><video height=\"2880\" style=\"aspect-ratio: 2880 \/ 2880;\" width=\"2880\" controls src=\"https:\/\/celiaibanez.fr\/wp-content\/uploads\/2024\/05\/Design-sans-titre-1.mp4\"><\/video><\/figure>\n\n\n\n<p class=\"has-large-font-size\"><mark style=\"background-color:rgba(0, 0, 0, 0);color:#f009d5\" class=\"has-inline-color\">LES AVIS  <\/mark><\/p>\n\n\n<div class=\"wp-block-image\">\n<figure class=\"aligncenter size-full is-resized\"><img loading=\"lazy\" decoding=\"async\" width=\"800\" height=\"250\" src=\"https:\/\/celiaibanez.fr\/wp-content\/uploads\/2024\/10\/avis-1.png\" alt=\"\" class=\"wp-image-1568\" style=\"width:510px;height:auto\" srcset=\"https:\/\/celiaibanez.fr\/wp-content\/uploads\/2024\/10\/avis-1.png 800w, https:\/\/celiaibanez.fr\/wp-content\/uploads\/2024\/10\/avis-1-300x94.png 300w, https:\/\/celiaibanez.fr\/wp-content\/uploads\/2024\/10\/avis-1-768x240.png 768w\" sizes=\"auto, (max-width: 800px) 100vw, 800px\" \/><\/figure>\n<\/div>\n\n\n<p><mark style=\"background-color:rgba(0, 0, 0, 0);color:#f305d0\" class=\"has-inline-color\"><strong>\u00ab\u00a0Je n ai pas d\u00e9coll\u00e9 tellement j ai \u00e9t\u00e9 prise dans cette histoire de Gonos et de Hermas !\u00a0\u00bb,<\/strong><\/mark> La lecture est facile sans \u00eatre simplette.\u00a0\u00bb, \u00ab\u00a0Les apparences sont parfois trompeuses et la v\u00e9rit\u00e9 souvent cach\u00e9e vous sera d\u00e9voil\u00e9e au terme du livre\u00a0\u00bb==&gt; Angie Roussel, Pr\u00e9sidente et secr\u00e9taire de la 59\u00e8me l\u00e9gion Star Wars. <\/p>\n\n\n\n<p><mark style=\"background-color:rgba(0, 0, 0, 0);color:#f305d0\" class=\"has-inline-color\"><strong>\u00ab\u00a0Un bel ouvrage interpellant sur les travers que pourrait atteindre une humanit\u00e9 quelle qu&rsquo;elle soit\u00a0\u00bb,<\/strong><\/mark> \u00ab\u00a0C\u00e9lia Ibanez nous transporte dans un univers futuriste \u00e9trange.\u00a0\u00bb, \u00ab\u00a0Un ouvrage qui laisse la porte grande ouverte \u00e0 une suite\u00a0\u00bb  ==&gt; <a href=\"https:\/\/www.legaliondesetoiles.com\/Reboot--Celia-Ibanez--2024_a5322.html\">Le Galion des \u00e9toiles<\/a><\/p>\n\n\n\n<p><mark style=\"background-color:rgba(0, 0, 0, 0);color:#f305d0\" class=\"has-inline-color\"><strong>\u00ab\u00a0Le worldbuilding, visuel et riche en id\u00e9es, ferait un excellent sc\u00e9nario de bande dessin\u00e9e!\u00a0\u00bb <\/strong><\/mark>, \u00ab\u00a0Une dystopie pleine de couleurs et d&rsquo;audace\u00a0\u00bb, \u00ab\u00a0Une SF rythm\u00e9e qui questionne la normalit\u00e9.\u00a0\u00bb ==&gt; Sinivali B\u00e9rang\u00e8re, <a href=\"https:\/\/lestribulationsduneromanciere-fr.cms.webnode.fr\/l\/riche-en-idees-ferait-un-excellent-scenario-de-bd-nouvel-avis-sur-reboot\/\">jury La G\u00e2chette d&rsquo;or<\/a>, libraire, chroniqueuse lecture\/cin\u00e9ma. <\/p>\n\n\n\n<p><mark style=\"background-color:rgba(0, 0, 0, 0);color:#f305d0\" class=\"has-inline-color\"><strong>\u00ab\u00a0Un tourbillon de sensations et d&rsquo;\u00e9motions fortes !\u00a0\u00bb,<\/strong><\/mark> Une aventure coup de poing qui nous emporte\u00a0\u00bb, \u00ab\u00a0une histoire men\u00e9e tambour battant\u00a0\u00bb ==&gt; <a href=\"https:\/\/lestribulationsduneromanciere-fr.webnode.fr\/l\/une-aventure-coup-de-poing-qui-nous-emporte-un-nouvel-avis-babelio-sur-reoot\/?_gl=1*kq175e*_gcl_au*MjA5MTM5Nzk1Ni4xNzQwODM2MDE4\">C\u00e9cile Dubard,<\/a> \u00e9crivaine de science-fiction, finaliste du prix R. Quintilla 2024. <\/p>\n\n\n\n<p><mark style=\"background-color:rgba(0, 0, 0, 0);color:#f305d0\" class=\"has-inline-color\"><strong>\u00ab\u00a0Un roman dense, immersif et percutant, port\u00e9 par une plume sensible et moderne!\u00a0\u00bb,<\/strong><\/mark> un coup de c\u0153ur pour les amateurs d&rsquo;univers forts, de personnages vrais et d&rsquo;\u00e9motions brutes\u00a0\u00bb, \u00ab\u00a0l&rsquo;immersion est totale\u00a0\u00bb ==&gt; <a href=\"https:\/\/www.instagram.com\/p\/DLb3nlot6PF\/\">LouveWolff<\/a>, jur\u00e9 pour le prix des plumes ind\u00e9.2024, chroniqueuse et b\u00eata lectrice. <\/p>\n\n\n\n<p><strong><mark style=\"background-color:rgba(0, 0, 0, 0);color:#fb01df\" class=\"has-inline-color\">\u00ab\u00a0Une narration jamais pr\u00e9visible\u00a0\u00bb<\/mark><\/strong>, \u00ab\u00a0une histoire compl\u00e8tement d\u00e9paysante et tr\u00e8s fra\u00eeche dans sa d\u00e9marche et dans ses th\u00e9matiques,\u00a0\u00bb \u00ab\u00a0La troisi\u00e8me partie qui nous surprend totalement par une tournure que l\u2019on ne voit pas venir.\u00a0\u00bb ==&gt; <a href=\"https:\/\/lestribulationsduneromanciere-fr.webnode.fr\/l\/une-narration-jamais-previsible-nouvelle-chronique-de-reboot\/\">Jean-Marc Marlier Costa<\/a>, auteur jeunesse, membre de l&rsquo;association Solsticiorbis, promotion de la science-fiction au Portugal.<\/p>\n\n\n\n<p><mark style=\"background-color:rgba(0, 0, 0, 0);color:#f305d0\" class=\"has-inline-color\"><strong>\u00ab\u00a0\u00c9dition impeccable, tr\u00e8s soign\u00e9e, ainsi que les illustrations !\u00a0\u00bb,<\/strong><\/mark> un souci permanent d&rsquo;\u00eatre clair et concis\u00a0\u00bb, \u00ab\u00a0l&rsquo;univers est un peu d\u00e9jant\u00e9, juste ce qu&rsquo;il faut, mais toujours coh\u00e9rent\u00a0\u00bb==&gt; <a href=\"https:\/\/lestribulationsduneromanciere-fr.webnode.fr\/l\/un-premier-avis-babelio-sur-reboot\/\">Babelio<\/a><\/p>\n\n\n\n<p><strong><mark style=\"background-color:rgba(0, 0, 0, 0);color:#fa01e6\" class=\"has-inline-color\">\u00ab\u00a0J&rsquo;ai ador\u00e9 les liens subtils qui sont faits avec la trilogie H+\u00a0\u00bb<\/mark><\/strong>, \u00ab\u00a0Le d\u00e9nouement final est captivant\u00a0\u00bb, \u00ab\u00a0La plume de l&rsquo;autrice est fluide et l&rsquo;histoire \u00e9volue de mani\u00e8re dynamique\u00a0\u00bb==&gt; <a href=\"https:\/\/www.livraddict.com\/biblio\/livre\/reboot-1.html\">Livraddict<\/a><\/p>\n\n\n\n<p><mark style=\"background-color:rgba(0, 0, 0, 0);color:#f705db\" class=\"has-inline-color\"><strong>\u00ab\u00a0Riche en rebondissements, en couleur. Des personnages attachants\u00a0\u00bb<\/strong><\/mark>, \u00ab\u00a0un d\u00e9nouement sur le fil comme on les appr\u00e9cie\u00a0\u00bb, \u00ab\u00a0Une intrigue coh\u00e9rente qui interroge sur les \u00e9volutions et les choix de soci\u00e9t\u00e9s\u00a0\u00bb ==&gt; <a href=\"https:\/\/lestribulationsduneromanciere-fr.webnode.fr\/l\/nouvel-avis-babelio-sur-reboot\/?_gl=1*r4jcvz*_gcl_au*MTc1NDA3ODExMC4xNzI4NjYxNzE1\">Babelio<\/a><\/p>\n\n\n\n<p><mark style=\"background-color:rgba(0, 0, 0, 0);color:#f705db\" class=\"has-inline-color\"><strong>\u00ab\u00a0Une plume dynamique, \u00e9ruptive qui vous emportera dans ses multiples rebondissements\u00a0\u00bb, <\/strong><\/mark>\u00ab\u00a0Des mondes riches et d\u00e9taill\u00e9s\u00a0\u00bb, \u00ab\u00a0les couches de r\u00e9alit\u00e9s et de mensonges se r\u00e9v\u00e8lent chapitre apr\u00e8s chapitre\u00a0\u00bb. ==&gt; <a href=\"https:\/\/www.facebook.com\/nicolas.petitjean.12\">Nicolas Petit Jean<\/a><\/p>\n\n\n\n<p><mark style=\"background-color:rgba(0, 0, 0, 0);color:#f705db\" class=\"has-inline-color\"><strong>\u00ab\u00a0Un tr\u00e8s bon livre avec une exp\u00e9rience hors du commun gr\u00e2ce \u00e0 l&rsquo;ajout de musique\u00a0\u00bb, <\/strong><\/mark>\u00ab\u00a0C\u00e9lia nous donne une juste vision des travers de notre soci\u00e9t\u00e9 sans la noircir inutilement\u00a0\u00bb, \u00ab\u00a0Vivement la suite!\u00a0\u00bb ==&gt;&gt; <a href=\"https:\/\/www.babelio.com\/livres\/Ibanez-REBOOT\/1704810\">Babelio<\/a><\/p>\n\n\n\n<p><mark style=\"background-color:rgba(0, 0, 0, 0);color:#f705db\" class=\"has-inline-color\"><strong>\u00ab\u00a0La richesse de l&rsquo;univers rejoint pour moi les grands classiques, comme les \u0153uvres de Philippe K Dick, mais avec une plume et un style moderne\u00a0\u00bb,<\/strong><\/mark>\u00ab\u00a0L&rsquo;aventure va \u00e0 mille \u00e0 l&rsquo;heure\u00a0\u00bb, \u00ab\u00a0un final excellent et qui pourrait nous laisser l&rsquo;espoir d&rsquo;une suite\u00a0\u00bb==&gt;&gt; <a href=\"https:\/\/www.babelio.com\/livres\/Ibanez-Reboot\/1704810#!\">Babelio<\/a><\/p>\n\n\n\n<p><mark style=\"background-color:rgba(0, 0, 0, 0);color:#f705db\" class=\"has-inline-color\"><strong>\u00ab\u00a0Reboot m&rsquo;a captiv\u00e9e tout au long de ma lecture\u00a0\u00bb, <\/strong><\/mark> \u00ab\u00a0Sa plume a su me transporter dans son monde riche et vibrant avec ing\u00e9niosit\u00e9 et me tenait en haleine \u00e0 chaque nouvel \u00e9v\u00e9nement.\u00a0\u00bb, \u00ab\u00a0Les descriptions de l&rsquo;univers permettent de se repr\u00e9senter des lieux color\u00e9s et futuristes o\u00f9 la nature occupe tout de m\u00eame une place importante\u00a0\u00bb==&gt;&gt; <a href=\"https:\/\/www.babelio.com\/livres\/Ibanez-Reboot\/1704810#!\">Babelio<\/a><\/p>\n\n\n\n<p><mark style=\"background-color:rgba(0, 0, 0, 0);color:#fd02e0\" class=\"has-inline-color\"><strong>\u00ab\u00a0Qui est pr\u00eat \u00e0 plonger au c\u0153ur d&rsquo;une machination plus grande que le monde ?\u00a0\u00bb<\/strong><\/mark>, \u00ab\u00a0Une intrigue qui fait r\u00e9fl\u00e9chir sur notre condition humaine\u00a0\u00bb, \u00a0\u00bb des rebondissements, des secrets qui se d\u00e9voilent, de la trahison, des liens qui se resserrent et une proph\u00e9tie, qu&rsquo;on pourrait nommer ainsi, sur un devenir incertain du monde.\u00a0\u00bb ===&gt;&gt;<a href=\"https:\/\/lestribulationsduneromanciere-fr.webnode.fr\/l\/une-machination-plus-grande-que-le-monde-nouvel-avis-sur-reboot\/?_gl=1*1risisw*_gcl_au*MTkyNTE2MDk5OS4xNzYwOTYyODI2LjEwNDg1NzU0MjMuMTc2MDk2MjgyOC4xNzYwOTYyODMw\"> Chroniques Livresques<\/a><\/p>\n\n\n\n<p><mark style=\"background-color:rgba(0, 0, 0, 0);color:#f705db\" class=\"has-inline-color\"><strong>\u00ab\u00a0L&rsquo;histoire est bien ficel\u00e9e\u00a0\u00bb, <\/strong><\/mark>\u00ab\u00a0On retrouve notamment les cl\u00e9s du genre comme la qu\u00eate de soi\u00a0\u00bb, \u00ab\u00a0la fin permet une belle ouverture pour une suite\u00a0\u00bb==&gt;&gt; <a href=\"https:\/\/lestribulationsduneromanciere-fr.webnode.fr\/l\/lhistoire-est-bien-ficelee-nouvel-avis-sur-rebbot\/\">Cocci Lectrice<\/a><\/p>\n\n\n\n<p><strong><mark style=\"background-color:rgba(0, 0, 0, 0);color:#f602eb\" class=\"has-inline-color\">\u00ab\u00a0Un savant m\u00e9lange \u00e9motionnel\u00a0\u00bb<\/mark><\/strong>, \u00ab\u00a0On tremble \u00e0 chaque p\u00e9rip\u00e9tie qui apporte son lot de surprises\u00a0\u00bb, \u00ab\u00a0Une tr\u00e8s belle \u0153uvre que je conseille totalement\u00a0\u00bb===&gt;<a href=\"https:\/\/www.instagram.com\/nickylarsoncosplay\/\"> Nicky Jacon<\/a>, animateur autour de la France et Belgique chez Geekement V\u00f4tre<\/p>\n\n\n\n<p><strong><mark style=\"background-color:rgba(0, 0, 0, 0);color:#f602eb\" class=\"has-inline-color\">\u00ab\u00a0L&rsquo;autrice sait nous tenir en haleine\u00a0\u00bb<\/mark><\/strong>, \u00ab\u00a0un univers complexe et int\u00e9ressant\u00a0\u00bb, \u00ab\u00a0L&rsquo;intrigue est pleine de rebondissements, de trahisons et de r\u00e9v\u00e9lations\u00a0\u00bb. ===> <a href=\"https:\/\/www.instagram.com\/leschroniquesdejouvence\/\">Les Chroniques de Jouvence<\/a>, association de libraires et lecteurs sp\u00e9cialis\u00e9s dans la litt\u00e9rature young adult. <\/p>\n\n\n\n<p><\/p>\n","protected":false},"excerpt":{"rendered":"<p>JE NE SUIS PAS COMME EUX. S&rsquo;ILS LE D\u00c9COUVRENT, ILS ME TUERONT ! R\u00e9sum\u00e9 du roman Je suis n\u00e9 homme dans un monde d&rsquo;hermaphrodites. J&rsquo;ai grandi dans un \u00e9tablissement sp\u00e9cialis\u00e9 dans la normalisation des impurs comme moi. Je vais devoir m&rsquo;adapter pour survivre&#8230; et d\u00e9couvrir les secrets les plus inimaginables ! Contacter l&rsquo;autrice pour obtenir &hellip; <a href=\"https:\/\/celiaibanez.fr\/index.php\/reboot-sortie-officielle-mai-2024\/\" class=\"more-link\">Continuer la lecture de <span class=\"screen-reader-text\">REBOOT<\/span>  <span class=\"meta-nav\">&rarr;<\/span><\/a><\/p>\n","protected":false},"author":5,"featured_media":1344,"parent":0,"menu_order":0,"comment_status":"closed","ping_status":"closed","template":"","meta":{"footnotes":""},"class_list":["post-1330","page","type-page","status-publish","has-post-thumbnail","hentry"],"_links":{"self":[{"href":"https:\/\/celiaibanez.fr\/index.php\/wp-json\/wp\/v2\/pages\/1330","targetHints":{"allow":["GET"]}}],"collection":[{"href":"https:\/\/celiaibanez.fr\/index.php\/wp-json\/wp\/v2\/pages"}],"about":[{"href":"https:\/\/celiaibanez.fr\/index.php\/wp-json\/wp\/v2\/types\/page"}],"author":[{"embeddable":true,"href":"https:\/\/celiaibanez.fr\/index.php\/wp-json\/wp\/v2\/users\/5"}],"replies":[{"embeddable":true,"href":"https:\/\/celiaibanez.fr\/index.php\/wp-json\/wp\/v2\/comments?post=1330"}],"version-history":[{"count":44,"href":"https:\/\/celiaibanez.fr\/index.php\/wp-json\/wp\/v2\/pages\/1330\/revisions"}],"predecessor-version":[{"id":2008,"href":"https:\/\/celiaibanez.fr\/index.php\/wp-json\/wp\/v2\/pages\/1330\/revisions\/2008"}],"wp:featuredmedia":[{"embeddable":true,"href":"https:\/\/celiaibanez.fr\/index.php\/wp-json\/wp\/v2\/media\/1344"}],"wp:attachment":[{"href":"https:\/\/celiaibanez.fr\/index.php\/wp-json\/wp\/v2\/media?parent=1330"}],"curies":[{"name":"wp","href":"https:\/\/api.w.org\/{rel}","templated":true}]}}