{"id":2409,"date":"2026-04-30T19:04:59","date_gmt":"2026-04-30T17:04:59","guid":{"rendered":"https:\/\/celiaibanez.fr\/?page_id=2409"},"modified":"2026-05-01T17:21:16","modified_gmt":"2026-05-01T15:21:16","slug":"les-sujets-2026-des-concours-southconv-des-colleges","status":"publish","type":"page","link":"https:\/\/celiaibanez.fr\/index.php\/les-sujets-2026-des-concours-southconv-des-colleges\/","title":{"rendered":"LES SUJETS 2026 DES CONCOURS SOUTHCONV DES COLL\u00c9GIENS"},"content":{"rendered":"\n<h2 class=\"wp-block-heading has-medium-font-size\">Nous afficherons les sujets apr\u00e8s chaque \u00e9preuve. Restez connect\u00e9s !<\/h2>\n\n\n\n<p><\/p>\n\n\n\n<ul class=\"wp-block-list\">\n<li class=\"has-medium-font-size\"><em>Cat\u00e9gorie Nouvelle<\/em>: 30 avril &#8211; 8h-10h.\n<ul class=\"wp-block-list\">\n<li><strong>Sujet: Perdu dans une ville du futur.<\/strong><\/li>\n<\/ul>\n<\/li>\n<\/ul>\n\n\n<div class=\"wp-block-image\">\n<figure class=\"aligncenter size-large is-resized\"><img loading=\"lazy\" decoding=\"async\" width=\"768\" height=\"1024\" src=\"https:\/\/celiaibanez.fr\/wp-content\/uploads\/2026\/04\/ville-du-futur-768x1024.jpg\" alt=\"\" class=\"wp-image-2410\" style=\"width:246px;height:auto\" srcset=\"https:\/\/celiaibanez.fr\/wp-content\/uploads\/2026\/04\/ville-du-futur-768x1024.jpg 768w, https:\/\/celiaibanez.fr\/wp-content\/uploads\/2026\/04\/ville-du-futur-225x300.jpg 225w, https:\/\/celiaibanez.fr\/wp-content\/uploads\/2026\/04\/ville-du-futur-1152x1536.jpg 1152w, https:\/\/celiaibanez.fr\/wp-content\/uploads\/2026\/04\/ville-du-futur.jpg 1536w\" sizes=\"auto, (max-width: 768px) 100vw, 768px\" \/><\/figure>\n<\/div>\n\n\n<ul class=\"wp-block-list\">\n<li class=\"has-medium-font-size\"><em>Cat\u00e9gorie sciences:<\/em> 5  mai\n<ul class=\"wp-block-list\">\n<li><\/li>\n<\/ul>\n<\/li>\n<\/ul>\n\n\n\n<ul id=\"block-29bcf362-c9f3-46ff-9025-2ea1a6310e48\" class=\"wp-block-list\">\n<li class=\"has-medium-font-size\"><em>Cat\u00e9gorie Illustration:<\/em><strong> <\/strong>7 mai<\/li>\n\n\n\n<li><\/li>\n\n\n\n<li class=\"has-medium-font-size\"><em>Cat\u00e9gorie court m\u00e9trage:<\/em><strong> <\/strong>15 juin<\/li>\n<\/ul>\n\n\n\n<p><\/p>\n\n\n\n<p class=\"has-medium-font-size\"><a href=\"https:\/\/www.helloasso.com\/associations\/convergence-sf\/adhesions\/adhesion-2026-conventions-sfff-du-grand-sud\">S&rsquo;incrire \u00e0 la SouthconV<\/a><\/p>\n\n\n\n<p class=\"has-medium-font-size\"><a href=\"https:\/\/celiaibanez.fr\/index.php\/les-invites-speciaux-de-la-southconv\/\">Tous les intervenants de la SouthconV<\/a><\/p>\n\n\n\n<p class=\"has-medium-font-size\"><a href=\"https:\/\/celiaibanez.fr\/index.php\/le-programme-de-la-southconv\/\">Le programme de la SouthconV<\/a><\/p>\n\n\n\n<p class=\"has-medium-font-size\"><a href=\"https:\/\/celiaibanez.fr\/index.php\/les-partenaires-de-la-southconv\/\">Les partenaires de la SouthconV<\/a><\/p>\n\n\n\n<figure class=\"wp-block-embed is-type-wp-embed is-provider-c-lia-ibanez wp-block-embed-c-lia-ibanez\"><div class=\"wp-block-embed__wrapper\">\n<blockquote class=\"wp-embedded-content\" data-secret=\"eWbr8iitzF\"><a href=\"https:\/\/celiaibanez.fr\/index.php\/convergence-sf-et-la-southconv-sont-sur-les-reseaux-sociaux\/\">ConVergence SF et la SouthconV sont sur les r\u00e9seaux sociaux<\/a><\/blockquote><iframe loading=\"lazy\" class=\"wp-embedded-content\" sandbox=\"allow-scripts\" security=\"restricted\" style=\"position: absolute; visibility: hidden;\" title=\"\u00ab\u00a0ConVergence SF et la SouthconV sont sur les r\u00e9seaux sociaux\u00a0\u00bb &#8212; C\u00e9lia Ibanez\" src=\"https:\/\/celiaibanez.fr\/index.php\/convergence-sf-et-la-southconv-sont-sur-les-reseaux-sociaux\/embed\/#?secret=CttEW62KGx#?secret=eWbr8iitzF\" data-secret=\"eWbr8iitzF\" width=\"474\" height=\"267\" frameborder=\"0\" marginwidth=\"0\" marginheight=\"0\" scrolling=\"no\"><\/iframe>\n<\/div><\/figure>\n","protected":false},"excerpt":{"rendered":"<p>Nous afficherons les sujets apr\u00e8s chaque \u00e9preuve. Restez connect\u00e9s ! S&rsquo;incrire \u00e0 la SouthconV Tous les intervenants de la SouthconV Le programme de la SouthconV Les partenaires de la SouthconV<\/p>\n","protected":false},"author":5,"featured_media":0,"parent":0,"menu_order":0,"comment_status":"closed","ping_status":"closed","template":"","meta":{"footnotes":""},"class_list":["post-2409","page","type-page","status-publish","hentry"],"_links":{"self":[{"href":"https:\/\/celiaibanez.fr\/index.php\/wp-json\/wp\/v2\/pages\/2409","targetHints":{"allow":["GET"]}}],"collection":[{"href":"https:\/\/celiaibanez.fr\/index.php\/wp-json\/wp\/v2\/pages"}],"about":[{"href":"https:\/\/celiaibanez.fr\/index.php\/wp-json\/wp\/v2\/types\/page"}],"author":[{"embeddable":true,"href":"https:\/\/celiaibanez.fr\/index.php\/wp-json\/wp\/v2\/users\/5"}],"replies":[{"embeddable":true,"href":"https:\/\/celiaibanez.fr\/index.php\/wp-json\/wp\/v2\/comments?post=2409"}],"version-history":[{"count":7,"href":"https:\/\/celiaibanez.fr\/index.php\/wp-json\/wp\/v2\/pages\/2409\/revisions"}],"predecessor-version":[{"id":2430,"href":"https:\/\/celiaibanez.fr\/index.php\/wp-json\/wp\/v2\/pages\/2409\/revisions\/2430"}],"wp:attachment":[{"href":"https:\/\/celiaibanez.fr\/index.php\/wp-json\/wp\/v2\/media?parent=2409"}],"curies":[{"name":"wp","href":"https:\/\/api.w.org\/{rel}","templated":true}]}}

LES SUJETS 2026 DES CONCOURS SOUTHCONV DES COLLÉGIENS

<h2 class="wp-block-heading has-medium-font-size">Nous afficherons les sujets après chaque épreuve. Restez connectés !</h2>



<p></p>



<ul class="wp-block-list">
<li class="has-medium-font-size"><em>Catégorie Nouvelle</em>: 30 avril &#8211; 8h-10h.
<ul class="wp-block-list">
<li><strong>Sujet: Perdu dans une ville du futur.</strong></li>
</ul>
</li>
</ul>


<div class="wp-block-image">
<figure class="aligncenter size-large is-resized"><img loading="lazy" decoding="async" width="768" height="1024" src="https://celiaibanez.fr/wp-content/uploads/2026/04/ville-du-futur-768x1024.jpg" alt="" class="wp-image-2410" style="width:246px;height:auto" srcset="https://celiaibanez.fr/wp-content/uploads/2026/04/ville-du-futur-768x1024.jpg 768w, https://celiaibanez.fr/wp-content/uploads/2026/04/ville-du-futur-225x300.jpg 225w, https://celiaibanez.fr/wp-content/uploads/2026/04/ville-du-futur-1152x1536.jpg 1152w, https://celiaibanez.fr/wp-content/uploads/2026/04/ville-du-futur.jpg 1536w" sizes="auto, (max-width: 768px) 100vw, 768px" /></figure>
</div>


<ul class="wp-block-list">
<li class="has-medium-font-size"><em>Catégorie sciences:</em> 5  mai
<ul class="wp-block-list">
<li></li>
</ul>
</li>
</ul>



<ul id="block-29bcf362-c9f3-46ff-9025-2ea1a6310e48" class="wp-block-list">
<li class="has-medium-font-size"><em>Catégorie Illustration:</em><strong> </strong>7 mai</li>



<li></li>



<li class="has-medium-font-size"><em>Catégorie court métrage:</em><strong> </strong>15 juin</li>
</ul>



<p></p>



<p class="has-medium-font-size"><a href="https://www.helloasso.com/associations/convergence-sf/adhesions/adhesion-2026-conventions-sfff-du-grand-sud">S&rsquo;incrire à la SouthconV</a></p>



<p class="has-medium-font-size"><a href="https://celiaibanez.fr/index.php/les-invites-speciaux-de-la-southconv/">Tous les intervenants de la SouthconV</a></p>



<p class="has-medium-font-size"><a href="https://celiaibanez.fr/index.php/le-programme-de-la-southconv/">Le programme de la SouthconV</a></p>



<p class="has-medium-font-size"><a href="https://celiaibanez.fr/index.php/les-partenaires-de-la-southconv/">Les partenaires de la SouthconV</a></p>



<figure class="wp-block-embed is-type-wp-embed is-provider-c-lia-ibanez wp-block-embed-c-lia-ibanez"><div class="wp-block-embed__wrapper">
<blockquote class="wp-embedded-content" data-secret="eWbr8iitzF"><a href="https://celiaibanez.fr/index.php/convergence-sf-et-la-southconv-sont-sur-les-reseaux-sociaux/">ConVergence SF et la SouthconV sont sur les réseaux sociaux</a></blockquote><iframe loading="lazy" class="wp-embedded-content" sandbox="allow-scripts" security="restricted" style="position: absolute; visibility: hidden;" title="« ConVergence SF et la SouthconV sont sur les réseaux sociaux » &#8212; Célia Ibanez" src="https://celiaibanez.fr/index.php/convergence-sf-et-la-southconv-sont-sur-les-reseaux-sociaux/embed/#?secret=CttEW62KGx#?secret=eWbr8iitzF" data-secret="eWbr8iitzF" width="474" height="267" frameborder="0" marginwidth="0" marginheight="0" scrolling="no"></iframe>
</div></figure>

<p>Nous afficherons les sujets après chaque épreuve. Restez connectés ! S&rsquo;incrire à la SouthconV Tous les intervenants de la SouthconV Le programme de la SouthconV Les partenaires de la SouthconV</p>
